9*w + 62839. Determine v(52).
-29
Let s(j) = 5*j**2 - 42*j + 103. What is s(5)?
18
Let z(p) = p**3 + 3*p**2 - 13*p - 43. Give z(-3).
-4
Let y(b) = 2*b**2 - 223*b - 4855. What is y(130)?
-45
Let r(n) = -n**3 + 43*n**2 + 164*n - 8644. Calculate r(42).
8
Let z(h) = -1126*h - 6760. Give z(-6).
-4
Let r(f) = -f**3 + 156*f**2 + 636*f + 624. Calculate r(160).
-16
Let a(x) = x**2 + 48*x + 232. What is a(-43)?
17
Let x(b) = -30*b + 93. Calculate x(8).
-147
Let s(z) = -79*z**2 - 32*z - 46. Give s(-2).
-298
Let t(r) = 7*r**2 + 97*r - 98. What is t(-19)?
586
Let q(u) = u**3 + 21*u**2 + 46*u + 47. Calculate q(-19).
-105
Let h(d) = -632*d + 52. Determine h(0).
52
Let m(a) = 3*a**3 + 7*a**2 + 13*a + 6. What is m(-5)?
-259
Let o(h) = 4*h - 86. Calculate o(28).
26
Let l(s) = -s**3 - 21*s**2 + 33*s + 221. Give l(-22).
-21
Let x(r) = -2*r**2 + 967*r + 2879. What is x(-3)?
-40
Let d(o) = 6*o**2 - 1640*o + 6987. Give d(269).
-7
Let x(v) = 4*v + 144. Determine x(-18).
72
Let a(l) = -2*l**2 - 20*l - 65. Determine a(-9).
-47
Let o(z) = -14*z - 52. Calculate o(-4).
4
Let o(z) = -z**3 + 12*z**2 + 46*z - 15. Give o(15).
0
Let j(t) = -8*t**2 + 96*t - 6. What is j(12)?
-6
Let g(f) = -763*f + 52644. Determine g(69).
-3
Let d(z) = -z**2 + 60*z - 260. Calculate d(5).
15
Let z(b) = b**3 - 5*b**2 - 51*b + 262. Give z(7).
3
Let f(v) = 89*v**2 - 4880*v - 831. Determine f(55).
-6
Let c(g) = 478*g - 4324. What is c(9)?
-22
Let q(l) = l**3 + 7*l**2 - 72*l - 168. Give q(-11).
140
Let d(j) = -57*j + 2801. Give d(48).
65
Let i(a) = 2106*a - 12646. Give i(6).
-10
Let j(q) = -3*q**3 - 38*q**2 + 80*q - 12. Calculate j(2).
-28
Let s(h) = -3*h**2 + 297*h + 1581. Determine s(104).
21
Let m(g) = -g**3 + 79*g**2 - 1560*g - 19. Determine m(40).
-19
Let f(p) = -10*p**2 - 86*p - 9. Calculate f(-12).
-417
Let m(k) = 300*k + 2104. Determine m(-7).
4
Let i(j) = 2*j**2 - 39*j + 232. Give i(10).
42
Let v(f) = -27*f**2 + 38*f - 74. Determine v(2).
-106
Let d(p) = 27*p**2 - 77*p + 37. Calculate d(2).
-9
Let x(z) = -z**3 - 91*z**2 - 1166*z - 1976. Calculate x(-76).
0
Let w(t) = -t**2 - 10*t + 49. Calculate w(-14).
-7
Let g(x) = -3*x**2 + 94*x + 214. Determine g(34).
-58
Let n(h) = 39*h**2 + 616*h - 87. Give n(-16).
41
Let l(r) = -r**2 + 54*r + 706. Give l(-11).
-9
Let s(t) = t**3 + 25*t**2 + 124*t + 1803. Determine s(-23).
9
Let y(h) = -10*h**2 - 84*h - 647. What is y(-10)?
-807
Let t(m) = -1018*m + 139466. Give t(137).
0
Let i(f) = f**3 + 16*f**2 + 29*f - 69. Calculate i(-13).
61
Let p(s) = -s**3 + 14*s**2 + 9*s - 1. Give p(14).
125
Let n(f) = 866*f - 5. Determine n(0).
-5
Let h(l) = 6*l**2 + 58*l - 38. What is h(-10)?
-18
Let b(x) = -7*x**2 + 599*x + 221. Give b(86).
-37
Let h(s) = -4*s**3 + s**2 + s. Give h(-1).
4
Let p(o) = 86*o - 4846. Calculate p(56).
-30
Let v(x) = 181*x - 7966. Determine v(44).
-2
Let g(j) = 859*j + 2708. Give g(-3).
131
Let a(b) = b**2 + 5*b - 213. Calculate a(-14).
-87
Let j(i) = -i**3 - 26*i**2 + 192*i - 28. What is j(-32)?
-28
Let o(v) = v**3 + 71*v**2 + 164*v + 1812. What is o(-69)?
18
Let s(z) = -80*z - 1647. What is s(-22)?
113
Let z(i) = -i**2 + 11*i + 388. Calculate z(-15).
-2
Let i(m) = m**3 - 5*m**2 - 4*m - 14. Give i(6).
-2
Let f(d) = 2*d**3 - d**2 - 963. Give f(0).
-963
Let i(b) = -b**3 - 6*b**2 + 12*b + 87. Calculate i(-5).
2
Let g(j) = -j**3 + 14*j**2 - 30*j - 64. Calculate g(5).
11
Let w(u) = -u**2 - 23*u - 110. What is w(-24)?
-134
Let q(g) = 8*g**3 - 195*g**2 + 96*g - 570. What is q(24)?
6
Let b(p) = -58*p - 4121. What is b(-71)?
-3
Let d(z) = z**3 - 8*z**2 - 13*z + 111. Give d(8).
7
Let f(n) = 72*n**2 + 51*n + 150. What is f(-3)?
645
Let u(y) = -y**3 + 7*y**2 - y - 33. Calculate u(6).
-3
Let j(k) = -k**2 + 386*k - 1923. What is j(5)?
-18
Let i(c) = c**2 + 53*c - 512. Determine i(9).
46
Let r(b) = -3*b**2 - 128*b + 16. Determine r(-45).
-299
Let t(m) = 15*m**2 - 5*m + 7. Determine t(4).
227
Let t(m) = -1611*m - 157885. What is t(-98)?
-7
Let n(w) = -w**3 - 13*w**2 + 67*w + 19. What is n(5)?
-96
Let a(c) = 482*c + 65078. What is a(-135)?
8
Let b(d) = -6*d**2 + 69*d + 123. Determine b(13).
6
Let t(b) = 3*b**3 + 187*b**2 + 245*b + 32. Give t(-61).
-29
Let g(r) = 6*r**2 + 238*r - 1422. Calculate g(6).
222
Let u(y) = -23*y + 2415. Calculate u(105).
0
Let s(x) = 102*x + 22850. Determine s(-224).
2
Let z(k) = k**2 - 401*k - 7564. Calculate z(-18).
-22
Let j(a) = 2*a**3 + 21*a**2 - 29*a - 157. What is j(-11)?
41
Let h(d) = -416*d - 2493. What is h(-6)?
3
Let h(m) = 2*m**3 + 125*m**2 - 65*m - 151. What is h(-63)?
-25
Let r(t) = -22*t**3 + 1871*t**2 - 88*t + 270. Calculate r(85).
15
Let d(n) = n**3 - 7*n**2 + 5*n + 6. Calculate d(6).
0
Let i(g) = g**2 - 73*g + 898. Give i(51).
-224
Let q(v) = -2*v**2 + 85*v - 59. Determine q(21).
844
Let w(q) = 5*q**2 + 23*q - 85. Determine w(3).
29
Let h(w) = -w**2 - 48*w - 557. What is h(-28)?
3
Let b(r) = -2*r**3 - 33*r**2 - 25*r + 5. Determine b(-16).
149
Let p(r) = -r**3 - 3*r**2 + 205*r + 347. Give p(-15).
-28
Let i(t) = 83*t + 78. Calculate i(-1).
-5
Let l(p) = -5*p**3 - 22*p**2 + 12*p + 5. Give l(-5).
20
Let k(a) = -a**3 - 87*a**2 + 1181*a - 37. What is k(12)?
-121
Let l(z) = 15*z + 592. Calculate l(-27).
187
Let j(i) = -3*i**2 + 69*i - 180. Determine j(21).
-54
Let q(s) = -3*s**3 + 112*s**2 - 45*s + 203. What is q(37)?
-93
Let i(o) = -2*o**2 + 87*o - 4. What is i(43)?
39
Let z(n) = 2*n**2 + 34*n - 64. Calculate z(-21).
104
Let v(l) = 947*l + 120266. Give v(-127).
-3
Let k(z) = -8*z**3 + 31*z**2 - 4*z + 2. Calculate k(5).
-243
Let c(z) = -z**3 + 18*z**2 - 24*z + 7. What is c(16)?
135
Let o(l) = 59*l + 486. Give o(-8).
14
Let c(t) = -46*t + 6429. Determine c(140).
-11
Let u(k) = -22*k + 2493. Give u(113).
7
Let s(q) = q**3 - 22*q**2 - 53*q + 129. Determine s(24).
9
Let u(o) = 46*o + 105. Give u(-2).
13
Let o(g) = -5*g**2 - 120*g + 411. What is o(-27)?
6
Let m(s) = -s**3 - 3*s**2 + 27*s + 127. Determine m(-5).
42
Let m(u) = 240*u - 9362. Calculate m(39).
-2
Let p(q) = 14*q**2 + 7*q - 25. What is p(4)?
227
Let v(r) = 3*r**3 - 43*r**2 + 27*r + 352. What is v(13)?
27
Let r(q) = -4*q**2 + 103*q - 39. Give r(32).
-839
Let k(r) = -3*r**2 - 116*r - 812. Determine k(-7).
-147
Let i(y) = -y**3 - 6*y**2 - 4*y - 60. What is i(-11)?
589
Let t(v) = -v**2 + 45*v - 221. Give t(39).
13
Let n(s) = s**3 + 424*s**2 + 9220*s - 44. What is n(-23)?
25
Let q(x) = -321*x + 1274. What is q(4)?
-10
Let b(c) = 5*c**2 - 17*c - 12. Give b(6).
66
Let p(v) = -v**3 - 24*v**2 + 28*v + 41. Give p(-25).
-34
Let b(y) = 4*y**2 - 18*y - 921. Calculate b(-13).
-11
Let j(n) = -n**3 - 29*n**2 + 299*n - 35. What is j(8)?
-11
Let r(y) = y**3 - 27*y**2 - 43*y + 6. Give r(28).
-414
Let k(g) = -8*g**2 - 160*g - 22. Determine k(-20).
-22
Let v(b) = -b - 62. What is v(-22)?
-40
Let p(u) = -u - 73. Calculate p(-12).
-61
Let a(d) = d + 66. Determine a(15).
81
Let g(l) = 229*l + 14647. Calculate g(-64).
-9
Let g(b) = -51*b - 366. What is g(-5)?
-111
Let j(h) = -682*h + 8875. Calculate j(13).
9
Let w(a) = 16*a**2 - 206*a + 21. Give w(13).
47
Let f(y) = -245*y - 846. What is f(-3)?
-111
Let b(c) = 3*c**2 - 21*c + 30. What is b(6)?
12
Let k(v) = 2*v - 13. What is k(-3)?
-19
Let n(g) = g**3 - 17*g**2 - 275*g + 95. Give n(27).
-40
Let u(o) = -o**2 + 76*o + 4320. Give u(114).
-12
Let g(u) = -u**3 + 14*u**2 - 31*u - 14. Determine g(11).
8
Let o(x) = -129*x + 11605. What is o(90)?
-5
Let v(o) = 17*o + 2697. Calculate v(-159).
-6
Let p(m) = m**2 + 3056*m + 7. Give p(0).
7
Let j(q) = -49*q - 1509. What is j(-25)?
-284
Let g(y) = 175*y + 735. Determine g(-4).
35
Let t(q) = 3744*q + 29953. What is t(-8)?
1
Let z(r) = 9*r**3 - r**2 + 20*r - 61. What is z(3)?
233
Let n(d) = 4*d**2 + 52*d - 182. Determine n(-16).
10
Let w(i) = -26*i - 907. What is w(-36)?
29
Let n(t) = -t**3 - 152*t**2 - 447*t - 11. Determine n(-149).
-11
Let q(m) = 2*m**2 - 42*m + 37. Calculate q(20).
-3
Let c(m) = m**2 + 75*m - 233. Give c(3).
1
Let s(v) = -17*v**2 - 134*v + 9. Calculate s(-8).
-7
Let o(r) = -7*r**3 - 4*r**2 + 24*r - 103. Calculate o(5).
-958
Let n(y) = -2*y**2 + 10*y + 181. What is n(-9)?
-71
Let p(s) = -160*s - 1771. What is p(-11)?
-11
Let d(j) = -45*j + 1951. What is d(58)?
-659
Let z(v) = 3*v - 111. Give z(55).
54
Let a(m) = -42*m - 60. Give a(-2).
24
Let x(b) = 629*b + 11951. Calculate x(-19).
0
Let 